{"id":65,"date":"2023-09-17T13:24:10","date_gmt":"2023-09-17T13:24:10","guid":{"rendered":"https:\/\/sonapesca.org\/?page_id=65"},"modified":"2023-09-30T22:45:25","modified_gmt":"2023-09-30T22:45:25","slug":"missions","status":"publish","type":"page","link":"https:\/\/sonapesca.org\/index.php\/missions\/","title":{"rendered":"Missions et attributions"},"content":{"rendered":"\n<div class=\"wp-block-group alignfull has-background\" style=\"background-color:#f2f0e9\"><div class=\"wp-block-group__inner-container is-layout-flow wp-block-group-is-layout-flow\">\n<div style=\"height:70px\" aria-hidden=\"true\" class=\"wp-block-spacer\"><\/div>\n\n\n\n<div class=\"wp-block-columns alignwide are-vertically-aligned-center is-layout-flex wp-container-core-columns-is-layout-9d6595d7 wp-block-columns-is-layout-flex\">\n<div class=\"wp-block-column is-layout-flow wp-block-column-is-layout-flow\" style=\"flex-basis:50%\">\n<p class=\"has-text-color\" style=\"color:#000000;font-size:30px;line-height:1.1\"><\/p>\n<\/div>\n\n\n\n<div class=\"wp-block-column is-layout-flow wp-block-column-is-layout-flow\" style=\"flex-basis:50%\">\n<hr class=\"wp-block-separator has-text-color has-css-opacity has-background is-style-wide\" style=\"background-color:#000000;color:#000000\"\/>\n<\/div>\n<\/div>\n\n\n\n<div class=\"wp-block-columns alignwide is-layout-flex wp-container-core-columns-is-layout-9d6595d7 wp-block-columns-is-layout-flex\">\n<div class=\"wp-block-column is-layout-flow wp-block-column-is-layout-flow\">\n<p class=\"has-text-color has-extra-small-font-size\" style=\"color:#000000\">La <strong>SONAPESCA<\/strong> est plac\u00e9e sous la tutelle du Minist\u00e8re en charge de la P\u00eache et des Ressources Hydrauliques. Elle a pour mission de mettre en \u0153uvre la politique du Gouvernement Equato-guin\u00e9en dans le secteur de la p\u00eache et des technologies appropri\u00e9es en harmonie avec la ressource halieutique avec pour objectifs de relever les d\u00e9fis du monde rural et de contribuer au progr\u00e8s \u00e9conomique et social. Le champ d&rsquo;application des principales activit\u00e9s de la soci\u00e9t\u00e9 commerciale <strong>SONAPESCA S.A<\/strong>, sur le territoire \u00e9quato-guin\u00e9en et autres, comprend, mais sans \u00eatre exhaustif, les \u00e9l\u00e9ments suivants\u00a0:<\/p>\n\n\n\n<div class=\"wp-block-uagb-icon-list uagb-block-b609242f\"><div class=\"uagb-icon-list__wrap\">\n<div class=\"wp-block-uagb-icon-list-child uagb-block-354d3584\"><span class=\"uagb-icon-list__source-wrap\"><svg xmlns=\"https:\/\/www.w3.org\/2000\/svg\" viewBox=\"0 0 384 512\"><path d=\"M384 48V512l-192-112L0 512V48C0 21.5 21.5 0 48 0h288C362.5 0 384 21.5 384 48z\"><\/path><\/svg><\/span><span class=\"uagb-icon-list__label\"><strong>L\u2019exportation des ressources halieutiques des eaux territoriales et de la zone \u00e9conomique exclusive de la R\u00e9publique de Guin\u00e9e Equatoriale et d\u2019autres Etats, par le biais de la p\u00eache maritime, hauturi\u00e8re et c\u00f4ti\u00e8re, sous toutes ses formes et esp\u00e8ces, depuis la capture jusqu\u2019\u00e0 la transformation, la conservation et la commercialisation\u00a0;<\/strong><\/span><\/div>\n\n\n\n<div class=\"wp-block-uagb-icon-list-child uagb-block-d0acca5e\"><span class=\"uagb-icon-list__source-wrap\"><svg xmlns=\"https:\/\/www.w3.org\/2000\/svg\" viewBox=\"0 0 384 512\"><path d=\"M384 48V512l-192-112L0 512V48C0 21.5 21.5 0 48 0h288C362.5 0 384 21.5 384 48z\"><\/path><\/svg><\/span><span class=\"uagb-icon-list__label\"><strong>L&rsquo;exploitation industrielle ordonn\u00e9e et responsable des ressources halieutiques de la mer territoriale et de la zone \u00e9conomique exclusive (ZEE) de la Guin\u00e9e \u00e9quatoriale, et des autres chaudrons des pays amis, moyennant le paiement des licences de p\u00eache correspondantes\u00a0;<\/strong><\/span><\/div>\n\n\n\n<div class=\"wp-block-uagb-icon-list-child uagb-block-1ec07cbb\"><span class=\"uagb-icon-list__source-wrap\"><svg xmlns=\"https:\/\/www.w3.org\/2000\/svg\" viewBox=\"0 0 384 512\"><path d=\"M384 48V512l-192-112L0 512V48C0 21.5 21.5 0 48 0h288C362.5 0 384 21.5 384 48z\"><\/path><\/svg><\/span><span class=\"uagb-icon-list__label\"><strong>L\u2019approvisionnement de la population en poisson frais, congel\u00e9 ou transform\u00e9\u00a0;<\/strong><\/span><\/div>\n\n\n\n<div class=\"wp-block-uagb-icon-list-child uagb-block-0489ea2b\"><span class=\"uagb-icon-list__source-wrap\"><svg xmlns=\"https:\/\/www.w3.org\/2000\/svg\" viewBox=\"0 0 384 512\"><path d=\"M384 48V512l-192-112L0 512V48C0 21.5 21.5 0 48 0h288C362.5 0 384 21.5 384 48z\"><\/path><\/svg><\/span><span class=\"uagb-icon-list__label\"><strong><strong>L&rsquo;exportation d&rsquo;esp\u00e8ces \u00e0 haute valeur commerciale pour obtenir des devises \u00e9trang\u00e8res et l&rsquo;appr\u00e9ciation des produits nationaux sur les march\u00e9s internationaux\u00a0;<\/strong> <\/strong><\/span><\/div>\n\n\n\n<div class=\"wp-block-uagb-icon-list-child uagb-block-88c84f3a\"><span class=\"uagb-icon-list__source-wrap\"><svg xmlns=\"https:\/\/www.w3.org\/2000\/svg\" viewBox=\"0 0 384 512\"><path d=\"M384 48V512l-192-112L0 512V48C0 21.5 21.5 0 48 0h288C362.5 0 384 21.5 384 48z\"><\/path><\/svg><\/span><span class=\"uagb-icon-list__label\"><strong><strong><strong>L&rsquo;acquisition et\/ou la location d&#8217;embarcations et de bateaux de p\u00eache, ainsi que le transport et la commercialisation des produits de la p\u00eache nationale\u00a0;<\/strong><\/strong><\/strong><\/span><\/div>\n\n\n\n<div class=\"wp-block-uagb-icon-list-child uagb-block-3b8961de\"><span class=\"uagb-icon-list__source-wrap\"><svg xmlns=\"https:\/\/www.w3.org\/2000\/svg\" viewBox=\"0 0 384 512\"><path d=\"M384 48V512l-192-112L0 512V48C0 21.5 21.5 0 48 0h288C362.5 0 384 21.5 384 48z\"><\/path><\/svg><\/span><span class=\"uagb-icon-list__label\"><strong><strong><strong><strong>La construction ou l&rsquo;acquisition, l&rsquo;exploitation directe ou indirecte ou la location d&rsquo;installations frigorifiques, d&rsquo;entrep\u00f4ts ou de chambres de conversation, le traitement et la transformation des produits de la p\u00eache, ainsi que la construction et l&rsquo;installation d&rsquo;unit\u00e9s de production de glace et de tunnels de cong\u00e9lation\u00a0;<\/strong><\/strong><\/strong><\/strong><\/span><\/div>\n\n\n\n<div class=\"wp-block-uagb-icon-list-child uagb-block-3ca38da1\"><span class=\"uagb-icon-list__source-wrap\"><svg xmlns=\"https:\/\/www.w3.org\/2000\/svg\" viewBox=\"0 0 384 512\"><path d=\"M384 48V512l-192-112L0 512V48C0 21.5 21.5 0 48 0h288C362.5 0 384 21.5 384 48z\"><\/path><\/svg><\/span><span class=\"uagb-icon-list__label\"><strong><strong><strong><strong><strong>La participation \u00e0 toutes gestions et op\u00e9rations rationalis\u00e9es directement et indirectement aux objets pr\u00e9cit\u00e9s, susceptibles de favoriser l&rsquo;extension et le bon d\u00e9veloppement des activit\u00e9s de la soci\u00e9t\u00e9\u00a0;<\/strong><\/strong><\/strong><\/strong><\/strong><\/span><\/div>\n\n\n\n<div class=\"wp-block-uagb-icon-list-child uagb-block-bbe0befd\"><span class=\"uagb-icon-list__source-wrap\"><svg xmlns=\"https:\/\/www.w3.org\/2000\/svg\" viewBox=\"0 0 384 512\"><path d=\"M384 48V512l-192-112L0 512V48C0 21.5 21.5 0 48 0h288C362.5 0 384 21.5 384 48z\"><\/path><\/svg><\/span><span class=\"uagb-icon-list__label\"><strong><strong><strong><strong><strong><strong>L\u2019\u00e9tablissement de partenariats avec d&rsquo;autres soci\u00e9t\u00e9s, nationales ou \u00e9trang\u00e8res, en vue de la cr\u00e9ation de co-entreprises pour l&rsquo;exploitation d&rsquo;esp\u00e8ces oc\u00e9aniques et autres \u00e0 haute valeur commerciale, ainsi que l&rsquo;achat d&rsquo;actions dans le capital d&rsquo;autres soci\u00e9t\u00e9s\u00a0;<\/strong><\/strong><\/strong><\/strong><\/strong><\/strong><\/span><\/div>\n\n\n\n<div class=\"wp-block-uagb-icon-list-child uagb-block-05e74941\"><span class=\"uagb-icon-list__source-wrap\"><svg xmlns=\"https:\/\/www.w3.org\/2000\/svg\" viewBox=\"0 0 384 512\"><path d=\"M384 48V512l-192-112L0 512V48C0 21.5 21.5 0 48 0h288C362.5 0 384 21.5 384 48z\"><\/path><\/svg><\/span><span class=\"uagb-icon-list__label\"><strong><strong><strong><strong><strong><strong><strong>D&rsquo;une mani\u00e8re g\u00e9n\u00e9rale, toutes op\u00e9rations commerciales, industrielles, mobili\u00e8res et immobili\u00e8res pouvant se rattacher directement ou indirectement \u00e0 l&rsquo;objet social ou \u00e0 tout objet similaire ou connexe, susceptible de faciliter le d\u00e9veloppement, la r\u00e9alisation ou l&rsquo;extension de la soci\u00e9t\u00e9.<\/strong><\/strong><\/strong><\/strong><\/strong><\/strong><\/strong><\/span><\/div>\n<\/div><\/div>\n\n\n\n<p>Les activit\u00e9s commerciales peuvent \u00eatre exerc\u00e9es par la soci\u00e9t\u00e9 en tout ou en partie, indirectement, par le biais de participations dans des soci\u00e9t\u00e9s ayant un objet similaire. Si les dispositions l\u00e9gales exigent pour l&rsquo;exercice de certaines des activit\u00e9s comprises dans l&rsquo;objet social un titre professionnel ou une autorisation administrative ou une inscription au registre public, lesdites activit\u00e9s doivent \u00eatre exerc\u00e9es par des personnes titulaires des comp\u00e9tences requises et, le cas \u00e9ch\u00e9ant, ne peut \u00eatre engag\u00e9e avant que les exigences administratives aient \u00e9t\u00e9 satisfaites.<\/p>\n\n\n\n<p>En ce qui concerne les services professionnels inclus dans l&rsquo;objet social qui, conform\u00e9ment \u00e0 la r\u00e9glementation en vigueur, doivent \u00eatre ex\u00e9cut\u00e9s par des personnes ayant des qualifications acad\u00e9miques suffisantes et\/ou une association professionnelle, la soci\u00e9t\u00e9 n&rsquo;exercera que des fonctions de m\u00e9diation entre ceux qui demandent ces services et les professionnels qui y sont int\u00e9gr\u00e9s, qui fourniront ces services en leur propre nom.<\/p>\n<\/div>\n<\/div>\n\n\n\n<div style=\"height:40px\" aria-hidden=\"true\" class=\"wp-block-spacer\"><\/div>\n<\/div><\/div>\n","protected":false},"excerpt":{"rendered":"<p>La SONAPESCA est plac\u00e9e sous la tutelle du Minist\u00e8re en charge de la P\u00eache et des Ressources Hydrauliques. Elle a pour mission de mettre en \u0153uvre la politique du Gouvernement Equato-guin\u00e9en dans le secteur de la p\u00eache et des technologies appropri\u00e9es en harmonie avec la ressource halieutique avec pour objectifs de relever les d\u00e9fis du [&hellip;]<\/p>\n","protected":false},"author":1,"featured_media":0,"parent":0,"menu_order":0,"comment_status":"closed","ping_status":"closed","template":"templates\/template-page-full-width.php","meta":{"_uag_custom_page_level_css":"","footnotes":""},"class_list":["post-65","page","type-page","status-publish","hentry"],"uagb_featured_image_src":{"full":false,"thumbnail":false,"medium":false,"medium_large":false,"large":false,"1536x1536":false,"2048x2048":false},"uagb_author_info":{"display_name":"sonapescaguinee","author_link":"https:\/\/sonapesca.org\/index.php\/author\/sonapescaguinee\/"},"uagb_comment_info":0,"uagb_excerpt":"La SONAPESCA est plac\u00e9e sous la tutelle du Minist\u00e8re en charge de la P\u00eache et des Ressources Hydrauliques. Elle a pour mission de mettre en \u0153uvre la politique du Gouvernement Equato-guin\u00e9en dans le secteur de la p\u00eache et des technologies appropri\u00e9es en harmonie avec la ressource halieutique avec pour objectifs de relever les d\u00e9fis du\u2026","_links":{"self":[{"href":"https:\/\/sonapesca.org\/index.php\/wp-json\/wp\/v2\/pages\/65","targetHints":{"allow":["GET"]}}],"collection":[{"href":"https:\/\/sonapesca.org\/index.php\/wp-json\/wp\/v2\/pages"}],"about":[{"href":"https:\/\/sonapesca.org\/index.php\/wp-json\/wp\/v2\/types\/page"}],"author":[{"embeddable":true,"href":"https:\/\/sonapesca.org\/index.php\/wp-json\/wp\/v2\/users\/1"}],"replies":[{"embeddable":true,"href":"https:\/\/sonapesca.org\/index.php\/wp-json\/wp\/v2\/comments?post=65"}],"version-history":[{"count":20,"href":"https:\/\/sonapesca.org\/index.php\/wp-json\/wp\/v2\/pages\/65\/revisions"}],"predecessor-version":[{"id":658,"href":"https:\/\/sonapesca.org\/index.php\/wp-json\/wp\/v2\/pages\/65\/revisions\/658"}],"wp:attachment":[{"href":"https:\/\/sonapesca.org\/index.php\/wp-json\/wp\/v2\/media?parent=65"}],"curies":[{"name":"wp","href":"https:\/\/api.w.org\/{rel}","templated":true}]}}

<div class="wp-block-group alignfull has-background" style="background-color:#f2f0e9"><div class="wp-block-group__inner-container is-layout-flow wp-block-group-is-layout-flow">
<div style="height:70px" aria-hidden="true" class="wp-block-spacer"></div>



<div class="wp-block-columns alignwide are-vertically-aligned-center is-layout-flex wp-container-core-columns-is-layout-9d6595d7 wp-block-columns-is-layout-flex">
<div class="wp-block-column is-layout-flow wp-block-column-is-layout-flow" style="flex-basis:50%">
<p class="has-text-color" style="color:#000000;font-size:30px;line-height:1.1"></p>
</div>



<div class="wp-block-column is-layout-flow wp-block-column-is-layout-flow" style="flex-basis:50%">
<hr class="wp-block-separator has-text-color has-css-opacity has-background is-style-wide" style="background-color:#000000;color:#000000"/>
</div>
</div>



<div class="wp-block-columns alignwide is-layout-flex wp-container-core-columns-is-layout-9d6595d7 wp-block-columns-is-layout-flex">
<div class="wp-block-column is-layout-flow wp-block-column-is-layout-flow">
<p class="has-text-color has-extra-small-font-size" style="color:#000000">La <strong>SONAPESCA</strong> est placée sous la tutelle du Ministère en charge de la Pêche et des Ressources Hydrauliques. Elle a pour mission de mettre en œuvre la politique du Gouvernement Equato-guinéen dans le secteur de la pêche et des technologies appropriées en harmonie avec la ressource halieutique avec pour objectifs de relever les défis du monde rural et de contribuer au progrès économique et social. Le champ d&rsquo;application des principales activités de la société commerciale <strong>SONAPESCA S.A</strong>, sur le territoire équato-guinéen et autres, comprend, mais sans être exhaustif, les éléments suivants :</p>



<div class="wp-block-uagb-icon-list uagb-block-b609242f"><div class="uagb-icon-list__wrap">
<div class="wp-block-uagb-icon-list-child uagb-block-354d3584"><span class="uagb-icon-list__source-wrap"><svg xmlns="https://www.w3.org/2000/svg" viewBox="0 0 384 512"><path d="M384 48V512l-192-112L0 512V48C0 21.5 21.5 0 48 0h288C362.5 0 384 21.5 384 48z"></path></svg></span><span class="uagb-icon-list__label"><strong>L’exportation des ressources halieutiques des eaux territoriales et de la zone économique exclusive de la République de Guinée Equatoriale et d’autres Etats, par le biais de la pêche maritime, hauturière et côtière, sous toutes ses formes et espèces, depuis la capture jusqu’à la transformation, la conservation et la commercialisation ;</strong></span></div>



<div class="wp-block-uagb-icon-list-child uagb-block-d0acca5e"><span class="uagb-icon-list__source-wrap"><svg xmlns="https://www.w3.org/2000/svg" viewBox="0 0 384 512"><path d="M384 48V512l-192-112L0 512V48C0 21.5 21.5 0 48 0h288C362.5 0 384 21.5 384 48z"></path></svg></span><span class="uagb-icon-list__label"><strong>L&rsquo;exploitation industrielle ordonnée et responsable des ressources halieutiques de la mer territoriale et de la zone économique exclusive (ZEE) de la Guinée équatoriale, et des autres chaudrons des pays amis, moyennant le paiement des licences de pêche correspondantes ;</strong></span></div>



<div class="wp-block-uagb-icon-list-child uagb-block-1ec07cbb"><span class="uagb-icon-list__source-wrap"><svg xmlns="https://www.w3.org/2000/svg" viewBox="0 0 384 512"><path d="M384 48V512l-192-112L0 512V48C0 21.5 21.5 0 48 0h288C362.5 0 384 21.5 384 48z"></path></svg></span><span class="uagb-icon-list__label"><strong>L’approvisionnement de la population en poisson frais, congelé ou transformé ;</strong></span></div>



<div class="wp-block-uagb-icon-list-child uagb-block-0489ea2b"><span class="uagb-icon-list__source-wrap"><svg xmlns="https://www.w3.org/2000/svg" viewBox="0 0 384 512"><path d="M384 48V512l-192-112L0 512V48C0 21.5 21.5 0 48 0h288C362.5 0 384 21.5 384 48z"></path></svg></span><span class="uagb-icon-list__label"><strong><strong>L&rsquo;exportation d&rsquo;espèces à haute valeur commerciale pour obtenir des devises étrangères et l&rsquo;appréciation des produits nationaux sur les marchés internationaux ;</strong> </strong></span></div>



<div class="wp-block-uagb-icon-list-child uagb-block-88c84f3a"><span class="uagb-icon-list__source-wrap"><svg xmlns="https://www.w3.org/2000/svg" viewBox="0 0 384 512"><path d="M384 48V512l-192-112L0 512V48C0 21.5 21.5 0 48 0h288C362.5 0 384 21.5 384 48z"></path></svg></span><span class="uagb-icon-list__label"><strong><strong><strong>L&rsquo;acquisition et/ou la location d&#8217;embarcations et de bateaux de pêche, ainsi que le transport et la commercialisation des produits de la pêche nationale ;</strong></strong></strong></span></div>



<div class="wp-block-uagb-icon-list-child uagb-block-3b8961de"><span class="uagb-icon-list__source-wrap"><svg xmlns="https://www.w3.org/2000/svg" viewBox="0 0 384 512"><path d="M384 48V512l-192-112L0 512V48C0 21.5 21.5 0 48 0h288C362.5 0 384 21.5 384 48z"></path></svg></span><span class="uagb-icon-list__label"><strong><strong><strong><strong>La construction ou l&rsquo;acquisition, l&rsquo;exploitation directe ou indirecte ou la location d&rsquo;installations frigorifiques, d&rsquo;entrepôts ou de chambres de conversation, le traitement et la transformation des produits de la pêche, ainsi que la construction et l&rsquo;installation d&rsquo;unités de production de glace et de tunnels de congélation ;</strong></strong></strong></strong></span></div>



<div class="wp-block-uagb-icon-list-child uagb-block-3ca38da1"><span class="uagb-icon-list__source-wrap"><svg xmlns="https://www.w3.org/2000/svg" viewBox="0 0 384 512"><path d="M384 48V512l-192-112L0 512V48C0 21.5 21.5 0 48 0h288C362.5 0 384 21.5 384 48z"></path></svg></span><span class="uagb-icon-list__label"><strong><strong><strong><strong><strong>La participation à toutes gestions et opérations rationalisées directement et indirectement aux objets précités, susceptibles de favoriser l&rsquo;extension et le bon développement des activités de la société ;</strong></strong></strong></strong></strong></span></div>



<div class="wp-block-uagb-icon-list-child uagb-block-bbe0befd"><span class="uagb-icon-list__source-wrap"><svg xmlns="https://www.w3.org/2000/svg" viewBox="0 0 384 512"><path d="M384 48V512l-192-112L0 512V48C0 21.5 21.5 0 48 0h288C362.5 0 384 21.5 384 48z"></path></svg></span><span class="uagb-icon-list__label"><strong><strong><strong><strong><strong><strong>L’établissement de partenariats avec d&rsquo;autres sociétés, nationales ou étrangères, en vue de la création de co-entreprises pour l&rsquo;exploitation d&rsquo;espèces océaniques et autres à haute valeur commerciale, ainsi que l&rsquo;achat d&rsquo;actions dans le capital d&rsquo;autres sociétés ;</strong></strong></strong></strong></strong></strong></span></div>



<div class="wp-block-uagb-icon-list-child uagb-block-05e74941"><span class="uagb-icon-list__source-wrap"><svg xmlns="https://www.w3.org/2000/svg" viewBox="0 0 384 512"><path d="M384 48V512l-192-112L0 512V48C0 21.5 21.5 0 48 0h288C362.5 0 384 21.5 384 48z"></path></svg></span><span class="uagb-icon-list__label"><strong><strong><strong><strong><strong><strong><strong>D&rsquo;une manière générale, toutes opérations commerciales, industrielles, mobilières et immobilières pouvant se rattacher directement ou indirectement à l&rsquo;objet social ou à tout objet similaire ou connexe, susceptible de faciliter le développement, la réalisation ou l&rsquo;extension de la société.</strong></strong></strong></strong></strong></strong></strong></span></div>
</div></div>



<p>Les activités commerciales peuvent être exercées par la société en tout ou en partie, indirectement, par le biais de participations dans des sociétés ayant un objet similaire. Si les dispositions légales exigent pour l&rsquo;exercice de certaines des activités comprises dans l&rsquo;objet social un titre professionnel ou une autorisation administrative ou une inscription au registre public, lesdites activités doivent être exercées par des personnes titulaires des compétences requises et, le cas échéant, ne peut être engagée avant que les exigences administratives aient été satisfaites.</p>



<p>En ce qui concerne les services professionnels inclus dans l&rsquo;objet social qui, conformément à la réglementation en vigueur, doivent être exécutés par des personnes ayant des qualifications académiques suffisantes et/ou une association professionnelle, la société n&rsquo;exercera que des fonctions de médiation entre ceux qui demandent ces services et les professionnels qui y sont intégrés, qui fourniront ces services en leur propre nom.</p>
</div>
</div>



<div style="height:40px" aria-hidden="true" class="wp-block-spacer"></div>
</div></div>

<p>La SONAPESCA est placée sous la tutelle du Ministère en charge de la Pêche et des Ressources Hydrauliques. Elle a pour mission de mettre en œuvre la politique du Gouvernement Equato-guinéen dans le secteur de la pêche et des technologies appropriées en harmonie avec la ressource halieutique avec pour objectifs de relever les défis du [&hellip;]</p>

La SONAPESCA est placée sous la tutelle du Ministère en charge de la Pêche et des Ressources Hydrauliques. Elle a pour mission de mettre en œuvre la politique du Gouvernement Equato-guinéen dans le secteur de la pêche et des technologies appropriées en harmonie avec la ressource halieutique avec pour objectifs de relever les défis du…
