{"id":505,"date":"2023-09-30T05:13:41","date_gmt":"2023-09-30T05:13:41","guid":{"rendered":"https:\/\/sonapesca.org\/?page_id=505"},"modified":"2023-09-30T08:54:17","modified_gmt":"2023-09-30T08:54:17","slug":"mission-dee-cadrage-du-plan-strategique","status":"publish","type":"page","link":"https:\/\/sonapesca.org\/index.php\/mission-dee-cadrage-du-plan-strategique\/","title":{"rendered":"Mission de cadrage du plan strat\u00e9gique"},"content":{"rendered":"\n<p><\/p>\n\n\n\n<div class=\"wp-block-group alignfull has-background\" style=\"background-color:#f2f0e9\"><div class=\"wp-block-group__inner-container is-layout-constrained wp-block-group-is-layout-constrained\">\n<div style=\"height:70px;width:0px\" aria-hidden=\"true\" class=\"wp-block-spacer\"><\/div>\n\n\n\n<div class=\"wp-block-columns alignwide are-vertically-aligned-center is-layout-flex wp-container-core-columns-is-layout-9d6595d7 wp-block-columns-is-layout-flex\">\n<div class=\"wp-block-column is-layout-flow wp-block-column-is-layout-flow\" style=\"flex-basis:50%\">\n<p class=\"has-text-color\" style=\"color:#000000;font-size:30px;line-height:1.1\"><\/p>\n<\/div>\n\n\n\n<div class=\"wp-block-column is-layout-flow wp-block-column-is-layout-flow\" style=\"flex-basis:50%\">\n<hr class=\"wp-block-separator has-text-color has-css-opacity has-background is-style-wide\" style=\"background-color:#000000;color:#000000\"\/>\n<\/div>\n<\/div>\n\n\n\n<div class=\"wp-block-columns alignwide is-layout-flex wp-container-core-columns-is-layout-9d6595d7 wp-block-columns-is-layout-flex\">\n<div class=\"wp-block-column is-layout-flow wp-block-column-is-layout-flow\">\n<div class=\"wp-block-uagb-image uagb-block-8c5451a6 wp-block-uagb-image--layout-default wp-block-uagb-image--effect-static wp-block-uagb-image--align-none\"><figure class=\"wp-block-uagb-image__figure\"><img decoding=\"async\" srcset=\"https:\/\/sonapesca.org\/wp-content\/uploads\/2023\/02\/IMG_0381-1024x683.jpg \" sizes=\"auto, (max-width: 480px) 150px\" src=\"https:\/\/sonapesca.org\/wp-content\/uploads\/2023\/02\/IMG_0381-1024x683.jpg\" alt=\"\" class=\"uag-image-472\" width=\"1024\" height=\"683\" title=\"\" loading=\"lazy\"\/><\/figure><\/div>\n<\/div>\n\n\n\n<div class=\"wp-block-column is-layout-flow wp-block-column-is-layout-flow\">\n<p class=\"has-text-color has-extra-small-font-size\" style=\"color:#000000\">L\u2019an 2023 et du 10 au 20 F\u00e9vrier 2023, une \u00e9quipe d\u2019experts du <strong>Consortium CEFCOD Sarl<\/strong> &#8211; <strong>CHARSO PRESTATIONS Sarl<\/strong> \u2013<strong>HORUS CONSEILS ET DEVELOPPEMENT<\/strong> a s\u00e9journ\u00e9 \u00e0 Malabo en R\u00e9publique de Guin\u00e9e Equatoriale.  L\u2019\u00e9quipe \u00e9tait compos\u00e9e  (<em>de droite \u00e0 gauche<\/em>) Monsieur BAMA Bawrour Victor, Directeur G\u00e9n\u00e9ral du Cabinet CEFCOD Sarl et de Monsieur BAKOUAN Ali, Directeur G\u00e9n\u00e9ral du cabinet CHARSO <\/p>\n\n\n\n<p>La mission avait pour objectif global de d\u00e9marrer l\u2019 assistance technique \u00e0 la Soci\u00e9t\u00e9 nationale de p\u00eache (SONAPESCA) pour la modernisation de son cadre organisationnel et fonctionnel et l\u2019\u00e9laboration de son plan strat\u00e9gique 2024-2028.<\/p>\n\n\n\n<p>Comme objectifs sp\u00e9cifiques :<\/p>\n\n\n\n<div class=\"wp-block-uagb-icon-list uagb-block-f082ced6\"><div class=\"uagb-icon-list__wrap\">\n<div class=\"wp-block-uagb-icon-list-child uagb-block-3ac1e0d5\"><span class=\"uagb-icon-list__source-wrap\"><svg xmlns=\"https:\/\/www.w3.org\/2000\/svg\" viewBox=\"0 0 384 512\"><path d=\"M384 48V512l-192-112L0 512V48C0 21.5 21.5 0 48 0h288C362.5 0 384 21.5 384 48z\"><\/path><\/svg><\/span><span class=\"uagb-icon-list__label\">Tenir l\u2019atelier de cadrage de l\u2019\u00e9tude<\/span><\/div>\n\n\n\n<div class=\"wp-block-uagb-icon-list-child uagb-block-9dcfc8af\"><span class=\"uagb-icon-list__source-wrap\"><svg xmlns=\"https:\/\/www.w3.org\/2000\/svg\" viewBox=\"0 0 384 512\"><path d=\"M384 48V512l-192-112L0 512V48C0 21.5 21.5 0 48 0h288C362.5 0 384 21.5 384 48z\"><\/path><\/svg><\/span><span class=\"uagb-icon-list__label\">Convenir d\u2019une d\u00e9marche consensuelle avec le PASPA et la SONAPESCA sur la mise en oeuvre de l&rsquo;\u00e9tude<\/span><\/div>\n\n\n\n<div class=\"wp-block-uagb-icon-list-child uagb-block-19fd6eae\"><span class=\"uagb-icon-list__source-wrap\"><svg xmlns=\"https:\/\/www.w3.org\/2000\/svg\" viewBox=\"0 0 384 512\"><path d=\"M384 48V512l-192-112L0 512V48C0 21.5 21.5 0 48 0h288C362.5 0 384 21.5 384 48z\"><\/path><\/svg><\/span><span class=\"uagb-icon-list__label\">Adopter un chronogramme de conduite de l\u2019\u00e9tude<\/span><\/div>\n\n\n\n<div class=\"wp-block-uagb-icon-list-child uagb-block-bf64011d\"><span class=\"uagb-icon-list__source-wrap\"><svg xmlns=\"https:\/\/www.w3.org\/2000\/svg\" viewBox=\"0 0 384 512\"><path d=\"M384 48V512l-192-112L0 512V48C0 21.5 21.5 0 48 0h288C362.5 0 384 21.5 384 48z\"><\/path><\/svg><\/span><span class=\"uagb-icon-list__label\">Examiner et discuter des contraintes \u00e9ventuelles dans la conduite de l\u2019\u00e9tude.<\/span><\/div>\n<\/div><\/div>\n<\/div>\n<\/div>\n\n\n\n<div class=\"wp-block-group\"><div class=\"wp-block-group__inner-container is-layout-constrained wp-block-group-is-layout-constrained\"><\/div><\/div>\n\n\n\n<div style=\"height:40px;width:0px\" aria-hidden=\"true\" class=\"wp-block-spacer\"><\/div>\n<\/div><\/div>\n","protected":false},"excerpt":{"rendered":"<p>L\u2019an 2023 et du 10 au 20 F\u00e9vrier 2023, une \u00e9quipe d\u2019experts du Consortium CEFCOD Sarl &#8211; CHARSO PRESTATIONS Sarl \u2013HORUS CONSEILS ET DEVELOPPEMENT a s\u00e9journ\u00e9 \u00e0 Malabo en R\u00e9publique de Guin\u00e9e Equatoriale. L\u2019\u00e9quipe \u00e9tait compos\u00e9e (de droite \u00e0 gauche) Monsieur BAMA Bawrour Victor, Directeur G\u00e9n\u00e9ral du Cabinet CEFCOD Sarl et de Monsieur BAKOUAN Ali, [&hellip;]<\/p>\n","protected":false},"author":1,"featured_media":0,"parent":0,"menu_order":0,"comment_status":"closed","ping_status":"closed","template":"templates\/template-page-full-width.php","meta":{"_uag_custom_page_level_css":"","footnotes":""},"class_list":["post-505","page","type-page","status-publish","hentry"],"uagb_featured_image_src":{"full":false,"thumbnail":false,"medium":false,"medium_large":false,"large":false,"1536x1536":false,"2048x2048":false},"uagb_author_info":{"display_name":"sonapescaguinee","author_link":"https:\/\/sonapesca.org\/index.php\/author\/sonapescaguinee\/"},"uagb_comment_info":0,"uagb_excerpt":"L\u2019an 2023 et du 10 au 20 F\u00e9vrier 2023, une \u00e9quipe d\u2019experts du Consortium CEFCOD Sarl &#8211; CHARSO PRESTATIONS Sarl \u2013HORUS CONSEILS ET DEVELOPPEMENT a s\u00e9journ\u00e9 \u00e0 Malabo en R\u00e9publique de Guin\u00e9e Equatoriale. L\u2019\u00e9quipe \u00e9tait compos\u00e9e (de droite \u00e0 gauche) Monsieur BAMA Bawrour Victor, Directeur G\u00e9n\u00e9ral du Cabinet CEFCOD Sarl et de Monsieur BAKOUAN Ali,\u2026","_links":{"self":[{"href":"https:\/\/sonapesca.org\/index.php\/wp-json\/wp\/v2\/pages\/505","targetHints":{"allow":["GET"]}}],"collection":[{"href":"https:\/\/sonapesca.org\/index.php\/wp-json\/wp\/v2\/pages"}],"about":[{"href":"https:\/\/sonapesca.org\/index.php\/wp-json\/wp\/v2\/types\/page"}],"author":[{"embeddable":true,"href":"https:\/\/sonapesca.org\/index.php\/wp-json\/wp\/v2\/users\/1"}],"replies":[{"embeddable":true,"href":"https:\/\/sonapesca.org\/index.php\/wp-json\/wp\/v2\/comments?post=505"}],"version-history":[{"count":34,"href":"https:\/\/sonapesca.org\/index.php\/wp-json\/wp\/v2\/pages\/505\/revisions"}],"predecessor-version":[{"id":558,"href":"https:\/\/sonapesca.org\/index.php\/wp-json\/wp\/v2\/pages\/505\/revisions\/558"}],"wp:attachment":[{"href":"https:\/\/sonapesca.org\/index.php\/wp-json\/wp\/v2\/media?parent=505"}],"curies":[{"name":"wp","href":"https:\/\/api.w.org\/{rel}","templated":true}]}}