{"id":299,"date":"2023-09-26T22:47:11","date_gmt":"2023-09-26T22:47:11","guid":{"rendered":"https:\/\/sonapesca.org\/?page_id=299"},"modified":"2023-09-30T08:38:48","modified_gmt":"2023-09-30T08:38:48","slug":"historique-2","status":"publish","type":"page","link":"https:\/\/sonapesca.org\/index.php\/historique-2\/","title":{"rendered":"Historique"},"content":{"rendered":"\n<p class=\"has-text-align-center\">&nbsp;<\/p>\n\n\n\n<p class=\"has-text-align-right\">&nbsp;<\/p>\n\n\n\n<div class=\"wp-block-group alignfull has-background\" style=\"background-color:#f2f0e9\"><div class=\"wp-block-group__inner-container is-layout-flow wp-block-group-is-layout-flow\">\n<div style=\"height:70px\" aria-hidden=\"true\" class=\"wp-block-spacer\"><\/div>\n\n\n\n<div class=\"wp-block-columns alignwide are-vertically-aligned-center is-layout-flex wp-container-core-columns-is-layout-9d6595d7 wp-block-columns-is-layout-flex\">\n<div class=\"wp-block-column is-layout-flow wp-block-column-is-layout-flow\" style=\"flex-basis:50%\">\n<p class=\"has-text-color\" style=\"color:#000000;font-size:30px;line-height:1.1\"><\/p>\n<\/div>\n\n\n\n<div class=\"wp-block-column is-layout-flow wp-block-column-is-layout-flow\" style=\"flex-basis:50%\">\n<hr class=\"wp-block-separator has-text-color has-css-opacity has-background is-style-wide\" style=\"background-color:#000000;color:#000000\"\/>\n<\/div>\n<\/div>\n\n\n\n<div class=\"wp-block-columns alignwide is-layout-flex wp-container-core-columns-is-layout-9d6595d7 wp-block-columns-is-layout-flex\">\n<div class=\"wp-block-column is-layout-flow wp-block-column-is-layout-flow\">\n<div class=\"wp-block-uagb-image uagb-block-b7c50cc2 wp-block-uagb-image--layout-default wp-block-uagb-image--effect-static wp-block-uagb-image--align-none\"><figure class=\"wp-block-uagb-image__figure\"><img decoding=\"async\" srcset=\"https:\/\/sonapesca.org\/wp-content\/uploads\/2023\/09\/officesonapesca-1024x566.png \" sizes=\"auto, (max-width: 480px) 150px\" src=\"https:\/\/sonapesca.org\/wp-content\/uploads\/2023\/09\/officesonapesca-1024x566.png\" alt=\"\" class=\"uag-image-218\" width=\"1024\" height=\"566\" title=\"\" loading=\"lazy\"\/><\/figure><\/div>\n<\/div>\n\n\n\n<div class=\"wp-block-column is-layout-flow wp-block-column-is-layout-flow\">\n<p class=\"has-text-color has-extra-small-font-size\" style=\"color:#000000\">La <strong>SONAPESCA<\/strong> (Sociedad Nacional de Pesca Mar\u00edtima de Guinea Ecuatorial.) a \u00e9t\u00e9 cr\u00e9\u00e9e par d\u00e9cret pr\u00e9sidentiel\u00a0 N\u00b0 \u00a050 du 07 mars 2005.<\/p>\n\n\n\n<p>Elle est une soci\u00e9t\u00e9 \u00e9tatique s\u2019inscrivant dans la promotion et le d\u00e9veloppement des activit\u00e9s de p\u00eache et halieutiques en R\u00e9publique Guin\u00e9e Equatoriale.<\/p>\n\n\n\n<p>R\u00e9gie par les dispositions de ses statuts approuv\u00e9s et celles de l\u2019article 125 de la loi n\u00b02\/2015 du 28 mai 2015 portant sur le r\u00e9gime juridique de l\u2019Administration g\u00e9n\u00e9rale de l\u2019Etat en R\u00e9publique de la Guin\u00e9e Equatoriale.<\/p>\n<\/div>\n<\/div>\n\n\n\n<div style=\"height:40px\" aria-hidden=\"true\" class=\"wp-block-spacer\"><\/div>\n<\/div><\/div>\n","protected":false},"excerpt":{"rendered":"<p>&nbsp; &nbsp; La SONAPESCA (Sociedad Nacional de Pesca Mar\u00edtima de Guinea Ecuatorial.) a \u00e9t\u00e9 cr\u00e9\u00e9e par d\u00e9cret pr\u00e9sidentiel\u00a0 N\u00b0 \u00a050 du 07 mars 2005. Elle est une soci\u00e9t\u00e9 \u00e9tatique s\u2019inscrivant dans la promotion et le d\u00e9veloppement des activit\u00e9s de p\u00eache et halieutiques en R\u00e9publique Guin\u00e9e Equatoriale. R\u00e9gie par les dispositions de ses statuts approuv\u00e9s et [&hellip;]<\/p>\n","protected":false},"author":1,"featured_media":0,"parent":0,"menu_order":0,"comment_status":"closed","ping_status":"closed","template":"templates\/template-page-full-width.php","meta":{"_uag_custom_page_level_css":"","footnotes":""},"class_list":["post-299","page","type-page","status-publish","hentry"],"uagb_featured_image_src":{"full":false,"thumbnail":false,"medium":false,"medium_large":false,"large":false,"1536x1536":false,"2048x2048":false},"uagb_author_info":{"display_name":"sonapescaguinee","author_link":"https:\/\/sonapesca.org\/index.php\/author\/sonapescaguinee\/"},"uagb_comment_info":0,"uagb_excerpt":"&nbsp; &nbsp; La SONAPESCA (Sociedad Nacional de Pesca Mar\u00edtima de Guinea Ecuatorial.) a \u00e9t\u00e9 cr\u00e9\u00e9e par d\u00e9cret pr\u00e9sidentiel\u00a0 N\u00b0 \u00a050 du 07 mars 2005. Elle est une soci\u00e9t\u00e9 \u00e9tatique s\u2019inscrivant dans la promotion et le d\u00e9veloppement des activit\u00e9s de p\u00eache et halieutiques en R\u00e9publique Guin\u00e9e Equatoriale. R\u00e9gie par les dispositions de ses statuts approuv\u00e9s et\u2026","_links":{"self":[{"href":"https:\/\/sonapesca.org\/index.php\/wp-json\/wp\/v2\/pages\/299","targetHints":{"allow":["GET"]}}],"collection":[{"href":"https:\/\/sonapesca.org\/index.php\/wp-json\/wp\/v2\/pages"}],"about":[{"href":"https:\/\/sonapesca.org\/index.php\/wp-json\/wp\/v2\/types\/page"}],"author":[{"embeddable":true,"href":"https:\/\/sonapesca.org\/index.php\/wp-json\/wp\/v2\/users\/1"}],"replies":[{"embeddable":true,"href":"https:\/\/sonapesca.org\/index.php\/wp-json\/wp\/v2\/comments?post=299"}],"version-history":[{"count":4,"href":"https:\/\/sonapesca.org\/index.php\/wp-json\/wp\/v2\/pages\/299\/revisions"}],"predecessor-version":[{"id":622,"href":"https:\/\/sonapesca.org\/index.php\/wp-json\/wp\/v2\/pages\/299\/revisions\/622"}],"wp:attachment":[{"href":"https:\/\/sonapesca.org\/index.php\/wp-json\/wp\/v2\/media?parent=299"}],"curies":[{"name":"wp","href":"https:\/\/api.w.org\/{rel}","templated":true}]}}